116390?
2, 5, 11, 29, 43, 7867
What are the prime factors of 1703558473?
31183, 54631
What are the prime factors of 110478969?
3, 41, 299401
What are the prime factors of 553624939?
7, 31, 193, 13219
List the prime factors of 474508917.
3, 52723213
What are the prime factors of 790750446?
2, 3, 131791741
What are the prime factors of 1744614834?
2, 3, 17, 43, 311, 1279
List the prime factors of 92460343.
92460343
What are the prime factors of 339099474?
2, 3, 7, 857, 9421
List the prime factors of 2391100512.
2, 3, 53, 71, 6619
What are the prime factors of 21345151?
19, 1123429
List the prime factors of 54040776.
2, 3, 191, 11789
What are the prime factors of 522741276?
2, 3, 1613399
List the prime factors of 856684769.
79, 10844111
List the prime factors of 461777334.
2, 3, 127, 691, 877
List the prime factors of 50198535.
3, 5, 17, 23, 317
What are the prime factors of 452997907?
452997907
What are the prime factors of 128767712?
2, 19, 211789
List the prime factors of 4265541653.
6701, 636553
List the prime factors of 132176889.
3, 13, 1129717
List the prime factors of 111708081.
3, 2293, 5413
What are the prime factors of 336720695?
5, 71, 929, 1021
List the prime factors of 2509146719.
2509146719
What are the prime factors of 254989863?
3, 193, 5437
List the prime factors of 34761410.
2, 5, 3476141
What are the prime factors of 442991963?
5861, 75583
List the prime factors of 1113139068.
2, 3, 149, 622561
What are the prime factors of 653505580?
2, 5, 7, 13, 359069
List the prime factors of 803009242.
2, 7, 151, 379853
List the prime factors of 270697943.
43, 73, 83, 1039
List the prime factors of 26671638.
2, 3, 7, 635039
List the prime factors of 564996964.
2, 7, 47, 429329
What are the prime factors of 10731958?
2, 193, 27803
List the prime factors of 18154878.
2, 3, 7, 17, 47, 541
List the prime factors of 7675029228.
2, 3, 31, 2213, 9323
What are the prime factors of 344072620?
2, 5, 37, 464963
List the prime factors of 159253391.
11, 257, 56333
List the prime factors of 83351364.
2, 3, 6945947
List the prime factors of 315708118.
2, 11, 41, 47, 677
What are the prime factors of 500254649?
193, 443, 5851
What are the prime factors of 42756527?
11, 29, 134033
List the prime factors of 4635903748.
2, 7, 165567991
What are the prime factors of 1142670931?
79, 183091
What are the prime factors of 7217584?
2, 11, 23, 1783
List the prime factors of 127402059.
3, 42467353
List the prime factors of 560177895.
3, 5, 853, 43781
What are the prime factors of 427864182?
2, 3, 1381, 51637
List the prime factors of 3224187302.
2, 7, 31, 7429003
List the prime factors of 11062213.
53, 208721
What are the prime factors of 584597298?
2, 3, 43, 2265881
What are the prime factors of 1633720583?
11, 1103, 12241
List the prime factors of 141846251.
11867, 11953
What are the prime factors of 2405786242?
2, 59, 20388019
List the prime factors of 782671065.
3, 5, 11, 4743461
What are the prime factors of 20068877?
89, 225493
What are the prime factors of 33135102?
2, 3, 7, 11, 13, 613
What are the prime factors of 491576609?
2713, 181193
What are the prime factors of 765294332?
2, 11, 73, 238261
What are the prime factors of 72586632?
2, 3, 3024443
List the prime factors of 3282589171.
3282589171
What are the prime factors of 1102563125?
5, 1764101
List the prime factors of 808257302.
2, 19, 2767, 7687
List the prime factors of 28115589.
3, 9371863
What are the prime factors of 10877359?
677, 16067
What are the prime factors of 891667254?
2, 3, 127, 1170167
List the prime factors of 127015721.
7, 17, 1067359
What are the prime factors of 7150743476?
2, 1049, 1704181
What are the prime factors of 368816673?
3, 122938891
What are the prime factors of 1373189129?
13, 653, 161761
What are the prime factors of 572777451?
3, 109, 113, 5167
What are the prime factors of 15787926?
2, 3, 7, 11, 3797
What are the prime factors of 1914819417?
3, 7, 1033, 29423
What are the prime factors of 1444632376?
2, 11, 41, 367, 1091
List the prime factors of 256603628.
2, 149, 430543
List the prime factors of 490471644.
2, 3, 13, 149, 21101
What are the prime factors of 21614701?
17, 991, 1283
List the prime factors of 334144352.
2, 2593, 4027
List the prime factors of 4493536387.
4493536387
What are the prime factors of 157332839?
2887, 54497
What are the prime factors of 1512498331?
23, 101, 651097
List the prime factors of 1583136250.
2, 5, 47, 26947
List the prime factors of 1190841345.
3, 5, 1237, 2377
List the prime factors of 118593162.
2, 3, 6588509
What are the prime factors of 106980696?
2, 3, 523, 947
What are the prime factors of 221874611?
7, 2887, 10979
List the prime factors of 5862771757.
277, 21165241
List the prime factors of 41153691.
3, 151, 90847
List the prime factors of 540833573.
7, 4591, 16829
List the prime factors of 2787955965.
3, 5, 997, 62141
What are the prime factors of 256984363?
256984363
List the prime factors of 211397168.
2, 1231, 10733
List the prime factors of 283465881.
3, 31496209
List the prime factors of 48044718.
2, 3, 499, 1783
List the prime factors of 2291244020.
2, 5, 13, 17, 30493
What are the prime factors of 30017565?
3, 5, 647, 1031
What are the prime factors of 4474421967?
3, 19, 1601, 49031
What are the prime factors of 12558876?
2, 3, 11, 95143
What are the prime factors of 5788658766?
2, 3, 11, 157, 558643
List the prime factors of 19128192.
2, 3, 109, 457
List the prime factors of 518687085.
3, 5, 7, 17, 17093
List the prime factors of 6061182290.
2, 5, 53, 103, 111031
List the prime factors of 96142039.
7, 61, 225157
List the prime factors of 1060507173.
3, 11, 19, 89021
What are the prime factors of 5132982719?
3947, 1300477
What are the prime factors of 42015994?
2, 2347, 8951
What are the prime factors of 2914242217?
137, 21271841
List the prime factors of 861007832.
2, 2731, 39409
What are the prime factors of 31707194?
2, 421, 37657
List the prime factors of 1845583832.
2, 230697979
List the prime factors of 25816835.
5, 11, 469397
What are the prime factors of 335579937?
3, 7, 11, 1452727
What are the prime factors of 63757159?
101, 631259
What are the prime factors of 131528376?
2, 3, 7, 260969
List the prime factors of 5094255855.
3, 5, 13, 23, 29, 53, 739
What are the prime factors of 233672131?
7, 11, 37, 11717
What are the prime factors of 30939491?
11, 29, 96989
List the prime factors of 88715929.
7457, 11897
List the prime factors of 728989726.
2, 97, 953, 3943
List the prime factors of 6894009283.
7, 140694067
List the prime factors of 26193018.
2, 3, 983, 4441
List the prime factors of 53572889.
29, 1847341
List the prime factors of 972363455.
5, 7, 1973, 14081
List the prime factors of 8407525772.
2, 2101881443
What are the prime factors of 28413158?
2, 14206579
What are the prime factors of 131541690?
2, 3, 5, 7, 626389
List the prime factors of 204029732.
2, 29, 1758877
What are the prime factors of 1526734756?
2, 23, 229, 72467
What are the prime factors of 45297582?
2, 3, 11, 83, 8269
List the prime factors of 10484624.
2, 655289
What are the prime factors of 994120122?
2, 3, 23, 7203769
What are the prime factors of 50414814?
2, 3, 2800823
What are the prime factors of 140904487?
140904487
What are the prime factors of 70681957?
19, 3720103
List the prime factors of 231117691.
7, 19, 59, 29453
List the prime factors of 30537901.
1489, 20509
List the prime factors of 559268739.
3, 20713657
What are the prime factors of 2512485477?
3, 23, 12137611
What are the prime factors of 1905992?
2, 11, 179
List the prime factors of 12551055.
3, 5, 11, 29, 43, 61
What are the prime factors of 344335036?
2, 86083759
List the prime factors of 6744340467.
3, 599, 1251037
What are the prime factors of 172470260?
2, 5, 47, 183479
List the prime factors of 21459657.
3, 31, 59, 3911
List the prime factors of 2822344996.
2, 23, 30677663
What are the prime factors of 2076390688?
2, 23, 2821183
What are the prime factors of 2113485864?
2, 3, 7, 12580273
List the prime factors of 1458290703.
3, 486096901
List the prime factors of 37035863.
113, 487, 673
What are the prime factors of 78763174?
2, 7, 5625941
List the prime factors of 608172961.
11, 55288451
What are the prime factors of 363332929?
43, 79, 106957
List the